{"id":16,"date":"2023-08-03T16:17:45","date_gmt":"2023-08-03T14:17:45","guid":{"rendered":"https:\/\/iqz-wuppertal.de\/lernplattform\/?page_id=16"},"modified":"2024-04-10T07:36:13","modified_gmt":"2024-04-10T05:36:13","slug":"unsere-kurse","status":"publish","type":"page","link":"https:\/\/iqz-wuppertal.de\/lernplattform\/","title":{"rendered":"Unsere Kurse"},"content":{"rendered":"\t\t<div data-elementor-type=\"wp-page\" data-elementor-id=\"16\" class=\"elementor elementor-16\" data-elementor-post-type=\"page\">\n\t\t\t\t\t\t<section class=\"elementor-section elementor-top-section elementor-element elementor-element-8617f6b elementor-section-height-min-height elementor-section-boxed elementor-section-height-default elementor-section-items-middle\" data-id=\"8617f6b\" data-element_type=\"section\" data-e-type=\"section\" data-settings=\"{&quot;background_background&quot;:&quot;classic&quot;}\">\n\t\t\t\t\t\t\t<div class=\"elementor-background-overlay\"><\/div>\n\t\t\t\t\t\t\t<div class=\"elementor-container elementor-column-gap-default\">\n\t\t\t\t\t<div class=\"elementor-column elementor-col-100 elementor-top-column elementor-element elementor-element-86fa29b\" data-id=\"86fa29b\" data-element_type=\"column\" data-e-type=\"column\">\n\t\t\t<div class=\"elementor-widget-wrap elementor-element-populated\">\n\t\t\t\t\t\t<div class=\"elementor-element elementor-element-224cc44 elementor-widget elementor-widget-heading\" data-id=\"224cc44\" data-element_type=\"widget\" data-e-type=\"widget\" data-widget_type=\"heading.default\">\n\t\t\t\t<div class=\"elementor-widget-container\">\n\t\t\t\t\t<h1 class=\"elementor-heading-title elementor-size-default\"><b>Unsere Kurse<\/b><\/h1>\t\t\t\t<\/div>\n\t\t\t\t<\/div>\n\t\t\t\t<div class=\"elementor-element elementor-element-efccf89 elementor-widget__width-initial elementor-widget elementor-widget-text-editor\" data-id=\"efccf89\" data-element_type=\"widget\" data-e-type=\"widget\" data-widget_type=\"text-editor.default\">\n\t\t\t\t<div class=\"elementor-widget-container\">\n\t\t\t\t\t\t\t\t\t<p>Beim Institut f\u00fcr Qualit\u00e4ts-und Zuverl\u00e4ssigkeitsmanagement, kurz IQZ.<\/p>\t\t\t\t\t\t\t\t<\/div>\n\t\t\t\t<\/div>\n\t\t\t\t\t<\/div>\n\t\t<\/div>\n\t\t\t\t\t<\/div>\n\t\t<\/section>\n\t\t\t\t<section class=\"elementor-section elementor-top-section elementor-element elementor-element-5c899a6 elementor-section-boxed elementor-section-height-default elementor-section-height-default\" data-id=\"5c899a6\" data-element_type=\"section\" data-e-type=\"section\">\n\t\t\t\t\t\t<div class=\"elementor-container elementor-column-gap-default\">\n\t\t\t\t\t<div class=\"elementor-column elementor-col-100 elementor-top-column elementor-element elementor-element-a3810c5\" data-id=\"a3810c5\" data-element_type=\"column\" data-e-type=\"column\">\n\t\t\t<div class=\"elementor-widget-wrap elementor-element-populated\">\n\t\t\t\t\t\t<div class=\"elementor-element elementor-element-b49e84b elementor-widget elementor-widget-heading\" data-id=\"b49e84b\" data-element_type=\"widget\" data-e-type=\"widget\" data-widget_type=\"heading.default\">\n\t\t\t\t<div class=\"elementor-widget-container\">\n\t\t\t\t\t<h2 class=\"elementor-heading-title elementor-size-default\"><b>Nutzen sie iHR Potenzial<\/b><br>mit unserer E-Learning-Plattform!<\/h2>\t\t\t\t<\/div>\n\t\t\t\t<\/div>\n\t\t\t\t<div class=\"elementor-element elementor-element-68c141f elementor-widget elementor-widget-text-editor\" data-id=\"68c141f\" data-element_type=\"widget\" data-e-type=\"widget\" data-widget_type=\"text-editor.default\">\n\t\t\t\t<div class=\"elementor-widget-container\">\n\t\t\t\t\t\t\t\t\t<p>Hier finden Sie unser Lernangebot, um Ihre F\u00e4higkeiten und Kenntnisse zu den Themen Data Science, Funktionale Sicherheit, Gew\u00e4hrleistungsmanagement, Maschinensicherheit, Risikomanagement, Qualit\u00e4tsmanagement und Zuverl\u00e4ssigkeitsmanagement aufzubauen oder zu erweitern.<\/p><p><br \/>Mit unserem E-Learning-Kurs Angeboten haben Sie einen zeitlich und \u00f6rtlich flexiblen Zugang zu unserem Wissen. Sie k\u00f6nnen jederzeit und \u00fcberall auf die Kurse zugreifen, ganz nach Ihrem eigenen Zeitplan und Tempo lernen. Unsere Kurse sind in verschiedene Module unterteilt, die Ihnen helfen, den Lernstoff effektiv zu strukturieren und zu organisieren.<br \/><br \/>Unsere E-Learning-Kurse helfen Ihnen, Ihre Ziele zu erreichen und Ihr Potenzial voll auszusch\u00f6pfen.\u00a0 Wir bieten Ihnen kontinuierlich neue Kurse und entwickeln Lernmaterialien, um sicherzustellen, dass Sie immer auf dem neuesten Stand bleiben<br \/><br \/><strong>Beginnen Sie noch heute Ihre Lernreise. Wir freuen uns auf Sie!<\/strong><\/p>\t\t\t\t\t\t\t\t<\/div>\n\t\t\t\t<\/div>\n\t\t\t\t\t<\/div>\n\t\t<\/div>\n\t\t\t\t\t<\/div>\n\t\t<\/section>\n\t\t\t\t<section class=\"elementor-section elementor-top-section elementor-element elementor-element-3b7418a elementor-section-boxed elementor-section-height-default elementor-section-height-default\" data-id=\"3b7418a\" data-element_type=\"section\" data-e-type=\"section\">\n\t\t\t\t\t\t<div class=\"elementor-container elementor-column-gap-default\">\n\t\t\t\t\t<div class=\"elementor-column elementor-col-100 elementor-top-column elementor-element elementor-element-d4f6196\" data-id=\"d4f6196\" data-element_type=\"column\" data-e-type=\"column\">\n\t\t\t<div class=\"elementor-widget-wrap elementor-element-populated\">\n\t\t\t\t\t\t<div class=\"elementor-element elementor-element-d39d123 elementor-widget elementor-widget-etlms-course-list tutor-addon etlms-course-list\" data-id=\"d39d123\" data-element_type=\"widget\" data-e-type=\"widget\" data-widget_type=\"etlms-course-list.default\">\n\t\t\t\t<div class=\"elementor-widget-container\">\n\t\t\t\t\t<div class=\"tutor-wrap tutor-courses-wrap tutor-container etlms-course-list-main-wrap\">\n\t\t\t\t\t<div class=\"etlms-course-list-loop-wrap tutor-course-list tutor-grid tutor-grid-3\">\n\t\t\t\t\t\t\t<div class=\"etlms-course-list-col\">\n\t\t\t\t\t<div class=\"tutor-card tutor-course-card tutor-loop-course-container \">\n\t        <div class=\"tutor-course-thumbnail\">\n        <a href=\"https:\/\/iqz-wuppertal.de\/lernplattform\/courses\/einfuhrung-in-die-iec-61508-teaser\/\" class=\"tutor-d-block\">\n            <div class=\"tutor-ratio tutor-ratio-16x9\">\n                <img decoding=\"async\" class=\"tutor-card-image-top\" src=\"https:\/\/iqz-wuppertal.de\/lernplattform\/wp-content\/uploads\/sites\/5\/2026\/01\/Functional_Safety_IEC61508-768x512.png\" alt=\"Einf\u00fchrung in die IEC 61508 (Teaser)\" loading=\"lazy\">\n            <\/div>\n        <\/a>\n    <\/div>\n<div class=\"tutor-course-bookmark\">\n    <span class=\"cart-required-login save-bookmark-btn tutor-iconic-btn tutor-iconic-btn-secondary\" data-course-id=\"1363\" role=\"button\">\n            <i class=\"tutor-icon-bookmark-line\"><\/i>\n        <\/span><\/div>\n\n\t<div class=\"tutor-card-body\">\n\t\t<h3 class=\"tutor-course-name tutor-fs-5 tutor-fw-medium tutor-mb-12\" title=\"Einf\u00fchrung in die IEC 61508 (Teaser)\">\n    <a href=\"https:\/\/iqz-wuppertal.de\/lernplattform\/courses\/einfuhrung-in-die-iec-61508-teaser\/\">Einf\u00fchrung in die IEC 61508 (Teaser)<\/a>\n<\/h3>\n\t<\/div>\n\n\t<div class=\"tutor-card-footer\">\n    <div class=\" tutor-d-flex tutor-align-center tutor-justify-between \"><div class=\"list-item-price tutor-d-flex tutor-align-center\"> <span class=\"price tutor-fs-6 tutor-fw-bold tutor-color-black\"><del aria-hidden=\"true\"><span class=\"woocommerce-Price-amount amount\"><bdi>99,00&nbsp;<span class=\"woocommerce-Price-currencySymbol\">&euro;<\/span><\/bdi><\/span><\/del> <span class=\"screen-reader-text\">Urspr\u00fcnglicher Preis war: 99,00&nbsp;&euro;<\/span><ins aria-hidden=\"true\"><span class=\"woocommerce-Price-amount amount\"><bdi>79,00&nbsp;<span class=\"woocommerce-Price-currencySymbol\">&euro;<\/span><\/bdi><\/span><\/ins><span class=\"screen-reader-text\">Aktueller Preis ist: 79,00&nbsp;&euro;.<\/span> <small class=\"woocommerce-price-suffix\">exkl. MwSt.<\/small> <\/span><\/div><div class=\"list-item-button\"> \n\t<a href=\"\/lernplattform\/wp-json\/wp\/v2\/pages\/16?add-to-cart=1370\" data-quantity=\"1\" class=\"tutor-btn tutor-btn-outline-primary tutor-btn-md tutor-btn-block  product_type_simple add_to_cart_button  tutor-open-login-modal\" data-product_id=\"1370\" data-product_sku=\"\" aria-label=\"In den Warenkorb legen: \u201eEinf\u00fchrung in die IEC 61508 (Teaser)\u201c\" rel=\"nofollow\"><span class=\"tutor-icon-cart-line tutor-mr-8\"><\/span><span class=\"cart-text\">In den Warenkorb<\/span><\/a> <\/div><\/div><\/div>\n<\/div>\n\t\t\t\t<\/div>\n\t\t\t\t\t\t\t<div class=\"etlms-course-list-col\">\n\t\t\t\t\t<div class=\"tutor-card tutor-course-card tutor-loop-course-container \">\n\t        <div class=\"tutor-course-thumbnail\">\n        <a href=\"https:\/\/iqz-wuppertal.de\/lernplattform\/courses\/introduction-to-iec-61508-teaser\/\" class=\"tutor-d-block\">\n            <div class=\"tutor-ratio tutor-ratio-16x9\">\n                <img decoding=\"async\" class=\"tutor-card-image-top\" src=\"https:\/\/iqz-wuppertal.de\/lernplattform\/wp-content\/uploads\/sites\/5\/2026\/01\/Functional_Safety_IEC61508-768x512.png\" alt=\"Introduction to IEC 61508 (Teaser)\" loading=\"lazy\">\n            <\/div>\n        <\/a>\n    <\/div>\n<div class=\"tutor-course-bookmark\">\n    <span class=\"cart-required-login save-bookmark-btn tutor-iconic-btn tutor-iconic-btn-secondary\" data-course-id=\"1382\" role=\"button\">\n            <i class=\"tutor-icon-bookmark-line\"><\/i>\n        <\/span><\/div>\n\n\t<div class=\"tutor-card-body\">\n\t\t<h3 class=\"tutor-course-name tutor-fs-5 tutor-fw-medium tutor-mb-12\" title=\"Introduction to IEC 61508 (Teaser)\">\n    <a href=\"https:\/\/iqz-wuppertal.de\/lernplattform\/courses\/introduction-to-iec-61508-teaser\/\">Introduction to IEC 61508 (Teaser)<\/a>\n<\/h3>\n\t<\/div>\n\n\t<div class=\"tutor-card-footer\">\n    <div class=\" tutor-d-flex tutor-align-center tutor-justify-between \"><div class=\"list-item-price tutor-d-flex tutor-align-center\"> <span class=\"price tutor-fs-6 tutor-fw-bold tutor-color-black\"><del aria-hidden=\"true\"><span class=\"woocommerce-Price-amount amount\"><bdi>99,00&nbsp;<span class=\"woocommerce-Price-currencySymbol\">&euro;<\/span><\/bdi><\/span><\/del> <span class=\"screen-reader-text\">Urspr\u00fcnglicher Preis war: 99,00&nbsp;&euro;<\/span><ins aria-hidden=\"true\"><span class=\"woocommerce-Price-amount amount\"><bdi>79,00&nbsp;<span class=\"woocommerce-Price-currencySymbol\">&euro;<\/span><\/bdi><\/span><\/ins><span class=\"screen-reader-text\">Aktueller Preis ist: 79,00&nbsp;&euro;.<\/span> <small class=\"woocommerce-price-suffix\">exkl. MwSt.<\/small> <\/span><\/div><div class=\"list-item-button\"> \n\t<a href=\"\/lernplattform\/wp-json\/wp\/v2\/pages\/16?add-to-cart=1385\" data-quantity=\"1\" class=\"tutor-btn tutor-btn-outline-primary tutor-btn-md tutor-btn-block  product_type_simple add_to_cart_button  tutor-open-login-modal\" data-product_id=\"1385\" data-product_sku=\"\" aria-label=\"In den Warenkorb legen: \u201eIntroduction to IEC 61508 (Teaser)\u201c\" rel=\"nofollow\"><span class=\"tutor-icon-cart-line tutor-mr-8\"><\/span><span class=\"cart-text\">In den Warenkorb<\/span><\/a> <\/div><\/div><\/div>\n<\/div>\n\t\t\t\t<\/div>\n\t\t\t\t\t<\/div>\n\n\t\t\t\t\t\t\t<div class=\"etlms-course-list-pagination-wrap tutor-mt-32\">\n\t\t\t<div class=\"etlms-pagination prev-next\">\n\t\t\t\t\n\t\t\t\t\t\n\t\t\t\t\t\t<\/div>\n\t\t\t\t<\/div>\n<div class=\"tutor-modal tutor-login-modal\">\n\t<div class=\"tutor-modal-overlay\"><\/div>\n\t<div class=\"tutor-modal-window tutor-modal-window-sm\">\n\t\t<div class=\"tutor-modal-content tutor-modal-content-white\">\n\t\t\t<button class=\"tutor-iconic-btn tutor-modal-close-o\" data-tutor-modal-close>\n\t\t\t\t<span class=\"tutor-icon-times\" area-hidden=\"true\"><\/span>\n\t\t\t<\/button>\n\n\t\t\t<div class=\"tutor-modal-body\">\n\t\t\t\t<div class=\"tutor-py-48\">\n\t\t\t\t\t\t\t\t\t\t<div class=\"tutor-fs-4 tutor-fw-medium tutor-color-black tutor-mb-32\">Hallo, willkommen zur\u00fcck!<\/div>\n\t\t\t\t\t<form id=\"tutor-login-form\" method=\"post\">\n\t\t<input type=\"hidden\" id=\"_tutor_nonce\" name=\"_tutor_nonce\" value=\"e02c2c3231\" \/><input type=\"hidden\" name=\"_wp_http_referer\" value=\"\/lernplattform\/wp-json\/wp\/v2\/pages\/16\" \/>\t<input type=\"hidden\" name=\"tutor_action\" value=\"tutor_user_login\" \/>\n\t<input type=\"hidden\" name=\"redirect_to\" value=\"https:\/\/iqz-wuppertal.de\/lernplattform\/wp-json\/wp\/v2\/pages\/16\" \/>\n\n\t<div class=\"tutor-mb-20\">\n\t\t<input type=\"text\" class=\"tutor-form-control\" placeholder=\"Benutzername oder E-Mail-Adresse\" name=\"log\" value=\"\" size=\"20\" required\/>\n\t<\/div>\n\n\t<div class=\"tutor-mb-32\">\n\t\t<input type=\"password\" class=\"tutor-form-control\" placeholder=\"Passwort\" name=\"pwd\" value=\"\" size=\"20\" required\/>\n\t<\/div>\n\n\t<div class=\"tutor-login-error\"><\/div>\n\t\t\t<input type=\"hidden\" name=\"timezone\" value=\"Europe\/Berlin\" \/>\n\t\t<script>\n\t\t\tdocument.addEventListener('DOMContentLoaded', function() {\n\t\t\t\tconst timezone = document.querySelector('input[name=\"timezone\"]');\n\t\t\t\tif ( timezone) {\n\t\t\t\t\tconst tz = Intl.DateTimeFormat().resolvedOptions().timeZone;\n\t\t\t\t\ttimezone.value = tz\n\t\t\t\t}\n\t\t\t});\n\t\t<\/script>\n\t\t\t\t<input type=\"text\" style=\"display:none\" autocomplete=\"off\" value=\"\" name=\"_uuid\">\n\t\t\t<div class=\"tutor-d-flex tutor-justify-between tutor-align-center tutor-mb-40\">\n\t\t<div class=\"tutor-form-check\">\n\t\t\t<input id=\"tutor-login-agmnt-1\" type=\"checkbox\" class=\"tutor-form-check-input tutor-bg-black-40\" name=\"rememberme\" value=\"forever\" \/>\n\t\t\t<label for=\"tutor-login-agmnt-1\" class=\"tutor-fs-7 tutor-color-muted\">\n\t\t\t\tAngemeldet bleiben\t\t\t<\/label>\n\t\t<\/div>\n\t\t<a href=\"https:\/\/iqz-wuppertal.de\/lernplattform\/dashboard-2\/retrieve-password\" class=\"tutor-btn tutor-btn-ghost\">\n\t\t\tPasswort vergessen?\t\t<\/a>\n\t<\/div>\n\n\t\t<button type=\"submit\" class=\"tutor-btn tutor-btn-primary tutor-btn-block\">\n\t\tAnmelden\t<\/button>\n\t\n\t\t\t\t\t<div class=\"tutor-text-center tutor-fs-6 tutor-color-secondary tutor-mt-20\">\n\t\t\tDu hast noch kein Konto?&nbsp;\n\t\t\t<a href=\"https:\/\/iqz-wuppertal.de\/lernplattform\/registrierung-fuer-teilnehmer\/?redirect_to=https:\/\/iqz-wuppertal.de\/lernplattform\/wp-json\/wp\/v2\/pages\/16\" class=\"tutor-btn tutor-btn-link\">\n\t\t\t\tJetzt registrieren\t\t\t<\/a>\n\t\t<\/div>\n\t\t<\/form>\n<script>\n\tdocument.addEventListener('DOMContentLoaded', function() {\n\t\tvar { __ } = wp.i18n;\n\t\tvar loginModal = document.querySelector('.tutor-modal.tutor-login-modal');\n\t\tvar errors = [];\n\t\tif (loginModal && errors.length) {\n\t\t\tloginModal.classList.add('tutor-is-active');\n\t\t}\n\t});\n<\/script>\n\n\t\t\t\t\t\t\t\t\t<\/div>\n\t\t\t\t\t\t\t<\/div>\n\t\t<\/div>\n\t<\/div>\n<\/div>\n\t\t\t\t<\/div>\n\t\t\t\t<\/div>\n\t\t\t\t\t<\/div>\n\t\t<\/div>\n\t\t\t\t\t<\/div>\n\t\t<\/section>\n\t\t\t\t<\/div>\n\t\t","protected":false},"excerpt":{"rendered":"<p>Unsere Kurse Beim Institut f\u00fcr Qualit\u00e4ts-und Zuverl\u00e4ssigkeitsmanagement, kurz IQZ. Nutzen sie iHR Potenzialmit unserer E-Learning-Plattform! Hier finden Sie unser Lernangebot, um Ihre F\u00e4higkeiten und Kenntnisse zu den Themen Data Science, Funktionale Sicherheit, Gew\u00e4hrleistungsmanagement, Maschinensicherheit, Risikomanagement, Qualit\u00e4tsmanagement und Zuverl\u00e4ssigkeitsmanagement aufzubauen oder zu erweitern. Mit unserem E-Learning-Kurs Angeboten haben Sie einen zeitlich und \u00f6rtlich flexiblen Zugang zu [&hellip;]<\/p>\n","protected":false},"author":2,"featured_media":0,"parent":0,"menu_order":0,"comment_status":"closed","ping_status":"closed","template":"","meta":{"footnotes":""},"class_list":["post-16","page","type-page","status-publish","hentry"],"yoast_head":"<!-- This site is optimized with the Yoast SEO plugin v26.2 - https:\/\/yoast.com\/wordpress\/plugins\/seo\/ -->\n<title>Unsere Kurse - IQZ Lernplattform<\/title>\n<meta name=\"robots\" content=\"index, follow, max-snippet:-1, max-image-preview:large, max-video-preview:-1\" \/>\n<link rel=\"canonical\" href=\"https:\/\/iqz-wuppertal.de\/lernplattform\/\" \/>\n<meta property=\"og:locale\" content=\"de_DE\" \/>\n<meta property=\"og:type\" content=\"article\" \/>\n<meta property=\"og:title\" content=\"Unsere Kurse - IQZ Lernplattform\" \/>\n<meta property=\"og:description\" content=\"Unsere Kurse Beim Institut f\u00fcr Qualit\u00e4ts-und Zuverl\u00e4ssigkeitsmanagement, kurz IQZ. Nutzen sie iHR Potenzialmit unserer E-Learning-Plattform! Hier finden Sie unser Lernangebot, um Ihre F\u00e4higkeiten und Kenntnisse zu den Themen Data Science, Funktionale Sicherheit, Gew\u00e4hrleistungsmanagement, Maschinensicherheit, Risikomanagement, Qualit\u00e4tsmanagement und Zuverl\u00e4ssigkeitsmanagement aufzubauen oder zu erweitern. Mit unserem E-Learning-Kurs Angeboten haben Sie einen zeitlich und \u00f6rtlich flexiblen Zugang zu [&hellip;]\" \/>\n<meta property=\"og:url\" content=\"https:\/\/iqz-wuppertal.de\/lernplattform\/\" \/>\n<meta property=\"og:site_name\" content=\"IQZ Lernplattform\" \/>\n<meta property=\"article:modified_time\" content=\"2024-04-10T05:36:13+00:00\" \/>\n<meta property=\"og:image\" content=\"https:\/\/iqz-wuppertal.de\/lernplattform\/wp-content\/plugins\/tutor\/assets\/images\/emptystate.svg\" \/>\n<meta name=\"twitter:card\" content=\"summary_large_image\" \/>\n<meta name=\"twitter:label1\" content=\"Gesch\u00e4tzte Lesezeit\" \/>\n\t<meta name=\"twitter:data1\" content=\"1\u00a0Minute\" \/>\n<script type=\"application\/ld+json\" class=\"yoast-schema-graph\">{\"@context\":\"https:\/\/schema.org\",\"@graph\":[{\"@type\":\"WebPage\",\"@id\":\"https:\/\/iqz-wuppertal.de\/lernplattform\/\",\"url\":\"https:\/\/iqz-wuppertal.de\/lernplattform\/\",\"name\":\"Unsere Kurse - IQZ Lernplattform\",\"isPartOf\":{\"@id\":\"https:\/\/iqz-wuppertal.de\/lernplattform\/#website\"},\"primaryImageOfPage\":{\"@id\":\"https:\/\/iqz-wuppertal.de\/lernplattform\/#primaryimage\"},\"image\":{\"@id\":\"https:\/\/iqz-wuppertal.de\/lernplattform\/#primaryimage\"},\"thumbnailUrl\":\"https:\/\/iqz-wuppertal.de\/lernplattform\/wp-content\/plugins\/tutor\/assets\/images\/emptystate.svg\",\"datePublished\":\"2023-08-03T14:17:45+00:00\",\"dateModified\":\"2024-04-10T05:36:13+00:00\",\"breadcrumb\":{\"@id\":\"https:\/\/iqz-wuppertal.de\/lernplattform\/#breadcrumb\"},\"inLanguage\":\"de\",\"potentialAction\":[{\"@type\":\"ReadAction\",\"target\":[\"https:\/\/iqz-wuppertal.de\/lernplattform\/\"]}]},{\"@type\":\"ImageObject\",\"inLanguage\":\"de\",\"@id\":\"https:\/\/iqz-wuppertal.de\/lernplattform\/#primaryimage\",\"url\":\"https:\/\/iqz-wuppertal.de\/lernplattform\/wp-content\/plugins\/tutor\/assets\/images\/emptystate.svg\",\"contentUrl\":\"https:\/\/iqz-wuppertal.de\/lernplattform\/wp-content\/plugins\/tutor\/assets\/images\/emptystate.svg\"},{\"@type\":\"BreadcrumbList\",\"@id\":\"https:\/\/iqz-wuppertal.de\/lernplattform\/#breadcrumb\",\"itemListElement\":[{\"@type\":\"ListItem\",\"position\":1,\"name\":\"Startseite\",\"item\":\"https:\/\/iqz-wuppertal.de\/lernplattform\/\"},{\"@type\":\"ListItem\",\"position\":2,\"name\":\"Unsere Kurse\"}]},{\"@type\":\"WebSite\",\"@id\":\"https:\/\/iqz-wuppertal.de\/lernplattform\/#website\",\"url\":\"https:\/\/iqz-wuppertal.de\/lernplattform\/\",\"name\":\"IQZ Lernplattform\",\"description\":\"\",\"potentialAction\":[{\"@type\":\"SearchAction\",\"target\":{\"@type\":\"EntryPoint\",\"urlTemplate\":\"https:\/\/iqz-wuppertal.de\/lernplattform\/?s={search_term_string}\"},\"query-input\":{\"@type\":\"PropertyValueSpecification\",\"valueRequired\":true,\"valueName\":\"search_term_string\"}}],\"inLanguage\":\"de\"}]}<\/script>\n<!-- \/ Yoast SEO plugin. -->","yoast_head_json":{"title":"Unsere Kurse - IQZ Lernplattform","robots":{"index":"index","follow":"follow","max-snippet":"max-snippet:-1","max-image-preview":"max-image-preview:large","max-video-preview":"max-video-preview:-1"},"canonical":"https:\/\/iqz-wuppertal.de\/lernplattform\/","og_locale":"de_DE","og_type":"article","og_title":"Unsere Kurse - IQZ Lernplattform","og_description":"Unsere Kurse Beim Institut f\u00fcr Qualit\u00e4ts-und Zuverl\u00e4ssigkeitsmanagement, kurz IQZ. Nutzen sie iHR Potenzialmit unserer E-Learning-Plattform! Hier finden Sie unser Lernangebot, um Ihre F\u00e4higkeiten und Kenntnisse zu den Themen Data Science, Funktionale Sicherheit, Gew\u00e4hrleistungsmanagement, Maschinensicherheit, Risikomanagement, Qualit\u00e4tsmanagement und Zuverl\u00e4ssigkeitsmanagement aufzubauen oder zu erweitern. Mit unserem E-Learning-Kurs Angeboten haben Sie einen zeitlich und \u00f6rtlich flexiblen Zugang zu [&hellip;]","og_url":"https:\/\/iqz-wuppertal.de\/lernplattform\/","og_site_name":"IQZ Lernplattform","article_modified_time":"2024-04-10T05:36:13+00:00","og_image":[{"url":"https:\/\/iqz-wuppertal.de\/lernplattform\/wp-content\/plugins\/tutor\/assets\/images\/emptystate.svg","type":"","width":"","height":""}],"twitter_card":"summary_large_image","twitter_misc":{"Gesch\u00e4tzte Lesezeit":"1\u00a0Minute"},"schema":{"@context":"https:\/\/schema.org","@graph":[{"@type":"WebPage","@id":"https:\/\/iqz-wuppertal.de\/lernplattform\/","url":"https:\/\/iqz-wuppertal.de\/lernplattform\/","name":"Unsere Kurse - IQZ Lernplattform","isPartOf":{"@id":"https:\/\/iqz-wuppertal.de\/lernplattform\/#website"},"primaryImageOfPage":{"@id":"https:\/\/iqz-wuppertal.de\/lernplattform\/#primaryimage"},"image":{"@id":"https:\/\/iqz-wuppertal.de\/lernplattform\/#primaryimage"},"thumbnailUrl":"https:\/\/iqz-wuppertal.de\/lernplattform\/wp-content\/plugins\/tutor\/assets\/images\/emptystate.svg","datePublished":"2023-08-03T14:17:45+00:00","dateModified":"2024-04-10T05:36:13+00:00","breadcrumb":{"@id":"https:\/\/iqz-wuppertal.de\/lernplattform\/#breadcrumb"},"inLanguage":"de","potentialAction":[{"@type":"ReadAction","target":["https:\/\/iqz-wuppertal.de\/lernplattform\/"]}]},{"@type":"ImageObject","inLanguage":"de","@id":"https:\/\/iqz-wuppertal.de\/lernplattform\/#primaryimage","url":"https:\/\/iqz-wuppertal.de\/lernplattform\/wp-content\/plugins\/tutor\/assets\/images\/emptystate.svg","contentUrl":"https:\/\/iqz-wuppertal.de\/lernplattform\/wp-content\/plugins\/tutor\/assets\/images\/emptystate.svg"},{"@type":"BreadcrumbList","@id":"https:\/\/iqz-wuppertal.de\/lernplattform\/#breadcrumb","itemListElement":[{"@type":"ListItem","position":1,"name":"Startseite","item":"https:\/\/iqz-wuppertal.de\/lernplattform\/"},{"@type":"ListItem","position":2,"name":"Unsere Kurse"}]},{"@type":"WebSite","@id":"https:\/\/iqz-wuppertal.de\/lernplattform\/#website","url":"https:\/\/iqz-wuppertal.de\/lernplattform\/","name":"IQZ Lernplattform","description":"","potentialAction":[{"@type":"SearchAction","target":{"@type":"EntryPoint","urlTemplate":"https:\/\/iqz-wuppertal.de\/lernplattform\/?s={search_term_string}"},"query-input":{"@type":"PropertyValueSpecification","valueRequired":true,"valueName":"search_term_string"}}],"inLanguage":"de"}]}},"_links":{"self":[{"href":"https:\/\/iqz-wuppertal.de\/lernplattform\/wp-json\/wp\/v2\/pages\/16","targetHints":{"allow":["GET"]}}],"collection":[{"href":"https:\/\/iqz-wuppertal.de\/lernplattform\/wp-json\/wp\/v2\/pages"}],"about":[{"href":"https:\/\/iqz-wuppertal.de\/lernplattform\/wp-json\/wp\/v2\/types\/page"}],"author":[{"embeddable":true,"href":"https:\/\/iqz-wuppertal.de\/lernplattform\/wp-json\/wp\/v2\/users\/2"}],"replies":[{"embeddable":true,"href":"https:\/\/iqz-wuppertal.de\/lernplattform\/wp-json\/wp\/v2\/comments?post=16"}],"version-history":[{"count":11,"href":"https:\/\/iqz-wuppertal.de\/lernplattform\/wp-json\/wp\/v2\/pages\/16\/revisions"}],"predecessor-version":[{"id":1477,"href":"https:\/\/iqz-wuppertal.de\/lernplattform\/wp-json\/wp\/v2\/pages\/16\/revisions\/1477"}],"wp:attachment":[{"href":"https:\/\/iqz-wuppertal.de\/lernplattform\/wp-json\/wp\/v2\/media?parent=16"}],"curies":[{"name":"wp","href":"https:\/\/api.w.org\/{rel}","templated":true}]}}